
7, 59, 227, 953
List the prime factors of 95581126.
2, 139, 343817
What are the prime factors of 77772471?
3, 7, 3703451
List the prime factors of 1692892904.
2, 223, 349, 2719
List the prime factors of 13093161.
3, 1951, 2237
List the prime factors of 884351028.
2, 3, 11, 1831, 3659
What are the prime factors of 1454535840?
2, 3, 5, 3030283
List the prime factors of 236567917.
19, 12450943
List the prime factors of 59259962.
2, 29629981
What are the prime factors of 293520908?
2, 73380227
What are the prime factors of 165331235?
5, 1237, 26731
What are the prime factors of 693682205?
5, 571, 242971
List the prime factors of 3302616445.
5, 47, 14053687
What are the prime factors of 168488105?
5, 17, 19, 104327
What are the prime factors of 17553960?
2, 3, 5, 48761
List the prime factors of 13661453.
13, 229, 353
List the prime factors of 168134379.
3, 7, 569, 14071
What are the prime factors of 11149687?
23, 484769
List the prime factors of 4557128506.
2, 7, 23, 599, 23627
What are the prime factors of 561664614?
2, 3, 7, 107, 124981
List the prime factors of 235803987.
3, 89, 98129
List the prime factors of 6401855.
5, 1280371
List the prime factors of 1481080508.
2, 1697, 218191
What are the prime factors of 604775872?
2, 9449623
What are the prime factors of 4212929?
7, 563, 1069
List the prime factors of 123416117.
11, 181, 61987
List the prime factors of 417362431.
211, 1978021
List the prime factors of 361741681.
7, 51677383
What are the prime factors of 36768923?
41, 896803
List the prime factors of 11169330.
2, 3, 5, 372311
What are the prime factors of 42282324?
2, 3, 7, 103, 181
What are the prime factors of 43096610?
2, 5, 29, 148609
What are the prime factors of 1406030608?
2, 71, 853, 1451
What are the prime factors of 194779409?
11, 101, 199, 881
What are the prime factors of 926837019?
3, 1741, 19717
List the prime factors of 336819015.
3, 5, 13, 23, 25033
List the prime factors of 292056313.
59, 4950107
List the prime factors of 471011744.
2, 7, 61, 34471
List the prime factors of 72484540.
2, 5, 313, 11579
What are the prime factors of 1867763490?
2, 3, 5, 239, 331, 787
List the prime factors of 79590082.
2, 11, 13, 31, 47, 191
What are the prime factors of 1238413625?
5, 9907309
List the prime factors of 208954666.
2, 19, 5498807
What are the prime factors of 72137906?
2, 29, 773, 1609
What are the prime factors of 309382?
2, 154691
What are the prime factors of 4515071044?
2, 11, 41, 1399, 1789
List the prime factors of 456434167.
7, 9314983
List the prime factors of 1703277809.
1703277809
List the prime factors of 30344919.
3, 11, 19, 48397
List the prime factors of 9269513183.
7, 1324216169
List the prime factors of 31917681.
3, 3546409
List the prime factors of 38105571.
3, 7, 79, 103, 223
List the prime factors of 4837827080.
2, 5, 120945677
What are the prime factors of 226775046?
2, 3, 37795841
What are the prime factors of 94928398?
2, 47464199
List the prime factors of 1058078706.
2, 3, 23, 7667237
What are the prime factors of 4226568741?
3, 17393287
What are the prime factors of 217608927?
3, 97, 359, 2083
What are the prime factors of 15180812?
2, 47, 80749
What are the prime factors of 1023555390?
2, 3, 5, 11, 13, 238591
List the prime factors of 131389240.
2, 5, 1259, 2609
List the prime factors of 2119331447.
29851, 70997
What are the prime factors of 8083134?
2, 3, 167, 2689
What are the prime factors of 301868987?
7, 43, 1002887
List the prime factors of 263228704.
2, 881, 9337
What are the prime factors of 152830411?
41, 71, 52501
What are the prime factors of 596712113?
4871, 122503
What are the prime factors of 91147056?
2, 3, 7, 11, 13, 271
What are the prime factors of 153500397?
3, 79, 191, 3391
What are the prime factors of 86269236?
2, 3, 7189103
What are the prime factors of 275700451?
13, 59, 113, 3181
List the prime factors of 79904242.
2, 11, 3632011
List the prime factors of 98270390.
2, 5, 61, 71, 2269
List the prime factors of 8502722618.
2, 13, 17, 37, 519917
List the prime factors of 30111236.
2, 2087, 3607
List the prime factors of 306194861.
7, 19, 2302217
List the prime factors of 50807216.
2, 19, 37, 4517
What are the prime factors of 38118413?
38118413
What are the prime factors of 235965189?
3, 101, 778763
List the prime factors of 981179107.
16631, 58997
What are the prime factors of 4583458915?
5, 7, 130955969
List the prime factors of 1018011137.
11, 13, 503, 14153
What are the prime factors of 4833164813?
4833164813
List the prime factors of 3434699697.
3, 11, 13, 103, 77731
List the prime factors of 6990694142.
2, 42023, 83177
List the prime factors of 1345000216.
2, 7, 3431123
List the prime factors of 6495059623.
13, 71, 7036901
What are the prime factors of 2264039449?
7, 19, 17022853
What are the prime factors of 1268849020?
2, 5, 79, 373, 2153
List the prime factors of 50274838.
2, 173, 145303
What are the prime factors of 2132030293?
2132030293
List the prime factors of 15797231.
61, 258971
List the prime factors of 21787616.
2, 281, 2423
List the prime factors of 918501375.
3, 5, 11, 107, 2081
List the prime factors of 319092288.
2, 3, 1661939
List the prime factors of 1299478702.
2, 23, 37, 137, 5573
What are the prime factors of 72287217?
3, 8031913
What are the prime factors of 110778697?
181, 612037
What are the prime factors of 13440184?
2, 1680023
List the prime factors of 7806189.
3, 101, 25763
List the prime factors of 1161452281.
11, 173, 610327
What are the prime factors of 57660591?
3, 71, 167, 1621
What are the prime factors of 751516425?
3, 5, 11, 303643
List the prime factors of 363770848.
2, 7, 1623977
List the prime factors of 1362501887.
1362501887
What are the prime factors of 704003983?
17, 41411999
List the prime factors of 783867567.
3, 7, 199, 187573
List the prime factors of 9496683.
3, 7, 1861
List the prime factors of 40694892.
2, 3, 7, 9887
List the prime factors of 1306068148.
2, 7, 11, 47, 12889
List the prime factors of 2806447764.
2, 3, 23, 10168289
List the prime factors of 2466229838.
2, 1233114919
What are the prime factors of 1938207080?
2, 5, 48455177
What are the prime factors of 14380768?
2, 449399
What are the prime factors of 964646875?
5, 467, 661
List the prime factors of 2114933607.
3, 234992623
List the prime factors of 21562175.
5, 862487
List the prime factors of 9803482.
2, 13, 211, 1787
What are the prime factors of 224523129?
3, 107, 699449
What are the prime factors of 1347507428?
2, 3433, 98129
List the prime factors of 1036734058.
2, 518367029
List the prime factors of 431529351.
3, 11, 823, 15889
List the prime factors of 215592722.
2, 107796361
List the prime factors of 147830695.
5, 59, 501121
List the prime factors of 45214393.
7, 29, 222731
What are the prime factors of 299438693?
299438693
What are the prime factors of 63024464?
2, 103, 167, 229
What are the prime factors of 234107974?
2, 83, 1410289
List the prime factors of 3743561373.
3, 499, 2500709
List the prime factors of 49927999.
11, 151, 30059
List the prime factors of 2677867081.
17, 157521593
What are the prime factors of 84024140?
2, 5, 4201207
List the prime factors of 56112886.
2, 17, 1650379
List the prime factors of 125729178.
2, 3, 17, 23, 53593
What are the prime factors of 2715447317?
11, 101, 2444147
What are the prime factors of 299392105?
5, 541, 110681
What are the prime factors of 239748762?
2, 3, 11, 3632557
What are the prime factors of 3181106480?
2, 5, 39763831
List the prime factors of 1583282603.
7, 1361, 166189
List the prime factors of 5326059446.
2, 23, 59, 79, 24841
What are the prime factors of 1021214?
2, 67, 7621
List the prime factors of 547094886.
2, 3, 13, 7014037
List the prime factors of 3228948647.
43, 461, 162889
List the prime factors of 2752995336.
2, 3, 7, 13, 673, 1873
List the prime factors of 3830141842.
2, 859, 2229419
What are the prime factors of 121255208?
2, 487, 31123
List the prime factors of 1295662051.
1295662051
List the prime factors of 174814122.
2, 3, 7, 23, 37, 67, 73
List the prime factors of 62630733.
3, 11, 71, 26731
List the prime factors of 201455799.
3, 67151933
List the prime factors of 541242581.
11, 49203871
What are the prime factors of 6684962019?
3, 43, 59, 607, 1447
List the prime facto